divided by 11.
8
What is the remainder when 1152161 is divided by 27432?
17
What is the remainder when 222251 is divided by 8538?
263
What is the remainder when 21039265 is divided by 61?
60
What is the remainder when 2996920 is divided by 1101?
1099
Calculate the remainder when 195137 is divided by 337.
14
What is the remainder when 22860666 is divided by 110974?
22
What is the remainder when 73616 is divided by 10500?
116
Calculate the remainder when 21905 is divided by 10727.
451
What is the remainder when 1127093 is divided by 5932?
13
What is the remainder when 62516 is divided by 3363?
1982
Calculate the remainder when 1001126862 is divided by 1072.
1070
Calculate the remainder when 29862530 is divided by 1484.
1482
What is the remainder when 114298 is divided by 407?
338
What is the remainder when 146856546 is divided by 4?
2
Calculate the remainder when 59262 is divided by 9287.
3540
What is the remainder when 3314367 is divided by 731?
13
What is the remainder when 974355 is divided by 487167?
21
What is the remainder when 3716346 is divided by 702?
660
Calculate the remainder when 27562109 is divided by 32.
29
What is the remainder when 677916 is divided by 225884?
264
Calculate the remainder when 4891420 is divided by 324.
316
What is the remainder when 87882 is divided by 7183?
1686
Calculate the remainder when 977693 is divided by 213.
23
What is the remainder when 4973156 is divided by 414424?
68
What is the remainder when 621513 is divided by 51790?
33
Calculate the remainder when 79301182 is divided by 24.
22
Calculate the remainder when 550642 is divided by 52.
14
What is the remainder when 140956 is divided by 70342?
272
What is the remainder when 1420972 is divided by 268?
36
What is the remainder when 4980643 is divided by 498064?
3
What is the remainder when 204898196 is divided by 25?
21
Calculate the remainder when 3163572 is divided by 1286.
12
What is the remainder when 39398242 is divided by 3966?
3964
What is the remainder when 48995724 is divided by 2041488?
12
What is the remainder when 724779 is divided by 6415?
6299
Calculate the remainder when 443399 is divided by 13427.
308
What is the remainder when 85026 is divided by 602?
144
Calculate the remainder when 3078671 is divided by 628.
215
What is the remainder when 1110973 is divided by 25?
23
What is the remainder when 154673 is divided by 38663?
21
What is the remainder when 621996856 is divided by 14?
12
What is the remainder when 433894 is divided by 1157?
19
What is the remainder when 553370 is divided by 13?
12
What is the remainder when 1378776 is divided by 344689?
20
What is the remainder when 408370689 is divided by 206?
203
What is the remainder when 82867213 is divided by 12480?
13
What is the remainder when 19478424 is divided by 43?
26
Calculate the remainder when 349558 is divided by 457.
410
Calculate the remainder when 52437653 is divided by 89637.
8
What is the remainder when 15719 is divided by 2527?
557
Calculate the remainder when 240041 is divided by 2112.
1385
Calculate the remainder when 347529 is divided by 543.
9
What is the remainder when 3229125 is divided by 475?
75
What is the remainder when 6591 is divided by 86?
55
What is the remainder when 2434615 is divided by 22132?
95
What is the remainder when 1724088 is divided by 2119?
1341
Calculate the remainder when 31293 is divided by 5154.
369
Calculate the remainder when 215975 is divided by 23974.
209
What is the remainder when 233534 is divided by 3037?
2722
What is the remainder when 41254777 is divided by 1707?
1
What is the remainder when 1336711 is divided by 1335512?
1199
Calculate the remainder when 11830398 is divided by 834.
108
What is the remainder when 131283 is divided by 607?
171
What is the remainder when 502001 is divided by 5876?
2541
Calculate the remainder when 228373 is divided by 251.
214
What is the remainder when 17889494 is divided by 254?
20
Calculate the remainder when 1047527 is divided by 722.
627
What is the remainder when 6788412 is divided by 577?
7
What is the remainder when 5216937 is divided by 1277?
392
Calculate the remainder when 1633889 is divided by 45385.
29
Calculate the remainder when 18479 is divided by 3671.
124
Calculate the remainder when 3260446 is divided by 571.
36
What is the remainder when 459758 is divided by 684?
110
Calculate the remainder when 2463387 is divided by 15.
12
Calculate the remainder when 48434 is divided by 7963.
656
Calculate the remainder when 394782 is divided by 19737.
42
Calculate the remainder when 151774 is divided by 915.
799
Calculate the remainder when 63918455 is divided by 28.
27
Calculate the remainder when 1171686 is divided by 292801.
482
Calculate the remainder when 13460986 is divided by 94.
92
What is the remainder when 14841176 is divided by 1398?
8
Calculate the remainder when 3502 is divided by 24.
22
What is the remainder when 146708 is divided by 5286?
3986
Calculate the remainder when 9559 is divided by 322.
221
What is the remainder when 947978 is divided by 474?
452
What is the remainder when 435456 is divided by 428?
180
What is the remainder when 20179989 is divided by 1075?
89
Calculate the remainder when 9283437 is divided by 30.
27
What is the remainder when 91199 is divided by 30223?
530
What is the remainder when 240055 is divided by 5000?
55
What is the remainder when 438591 is divided by 430?
421
What is the remainder when 67410462 is divided by 8?
6
What is the remainder when 3053524 is divided by 2189?
2058
What is the remainder when 111473898 is divided by 3223?
3220
What is the remainder when 20031596 is divided by 10015795?
6
Calculate the remainder when 49836 is divided by 1997.
1908
Calculate the remainder when 1526639 is divided by 1525768.
871
What is the remainder when 1619431239 is divided by 3151?
3148
What is the remainder when 47039 is divided by 2134?
91
What is the remainder when 3157628 is divided by 395?
393
What is the remainder when 1765930 is divided by 44148?
10
Calculate the remainder when 1488292109 is divided by 270.
269
Calculate the remainder when 289403 is divided by 55.
48
What is the remainder when 574907 is divided by 30137?
2304
What is the remainder when 10278205 is divided by 41?
38
What is the remainder when 4533155 is divided by 4533058?
97
Calculate the remainder when 17518883 is divided by 1712.
1699
Calculate the remainder when 2552054 is divided by 51041.
4
What is the remainder when 208374 is divided by 103636?
1102
What is the remainder when 31763 is divided by 1510?
53
What is the remainder when 508292322 is divided by 7?
6
What is the remainder when 224873 is divided by 112405?
63
What is the remainder when 6575545 is divided by 438352?
265
What is the remainder when 11714763 is divided by 1064964?
159
What is the remainder when 6071050 is divided by 2089?
416
Calculate the remainder when 76907 is divided by 64.
43
Calculate the remainder when 3702745 is divided by 80494.
21
What is the remainder when 836520 is divided by 1289?
1248
Calculate the remainder when 3284119 is divided by 298556.
3
What is the remainder when 1443 is divided by 922?
521
Calculate the remainder when 13179384 is divided by 361.
357
What is the remainder when 267783595 is divided by 24?
19
What is the remainder when 191329 is divided by 190976?
353
What is the remainder when 160041 is divided by 12293?
232
Calculate the remainder when 4472894 is divided by 42.
20
What is the remainder when 129685307 is divided by 18526472?
3
What is the remainder when 15992738 is divided by 1591?
6
Calculate the remainder when 18658492 is divided by 229.
30
Calculate the remainder when 1011306 is divided by 4599.
4125
What is the remainder when 3058172 is divided by 528?
524
Calculate the remainder when 1492303 is divided by 86.
31
What is the remainder when 59601 is divided by 1163?
288
Calculate the remainder when 14487572 is divided by 144.
20
What is the remainder when 18974093 is divided by 73259?
12
Calculate the remainder when 237979 is divided by 292.
291
What is the remainder when 94057 is divided by 4497?
4117
Calculate the remainder when 247596 is divided by 190.
26
Calculate the remainder when 1743660 is divided by 456.
372
What is the remainder when 140282389 is d